{"id":1890,"date":"2021-05-11T22:45:21","date_gmt":"2021-05-11T22:45:21","guid":{"rendered":"https:\/\/diknetsecurite.com\/?page_id=1890"},"modified":"2021-05-12T13:40:38","modified_gmt":"2021-05-12T13:40:38","slug":"contact","status":"publish","type":"page","link":"https:\/\/diknetsecurite.com\/index.php\/contact\/","title":{"rendered":"Contact"},"content":{"rendered":"\t\t<div data-elementor-type=\"wp-page\" data-elementor-id=\"1890\" class=\"elementor elementor-1890\" data-elementor-settings=\"[]\">\n\t\t\t\t\t\t\t<div class=\"elementor-section-wrap\">\n\t\t\t\t\t\t\t<section class=\"elementor-section elementor-top-section elementor-element elementor-element-5d9deff elementor-section-boxed elementor-section-height-default elementor-section-height-default\" data-id=\"5d9deff\" data-element_type=\"section\" data-settings=\"{&quot;_ha_eqh_enable&quot;:false}\">\n\t\t\t\t\t\t<div class=\"elementor-container elementor-column-gap-default\">\n\t\t\t\t\t<div class=\"elementor-column elementor-col-33 elementor-top-column elementor-element elementor-element-fa2d2de\" data-id=\"fa2d2de\" data-element_type=\"column\">\n\t\t\t<div class=\"elementor-widget-wrap elementor-element-populated\">\n\t\t\t\t\t\t\t\t<section class=\"elementor-section elementor-inner-section elementor-element elementor-element-e7e3c45 elementor-section-height-full elementor-section-boxed elementor-section-height-default\" data-id=\"e7e3c45\" data-element_type=\"section\" data-settings=\"{&quot;_ha_eqh_enable&quot;:false}\">\n\t\t\t\t\t\t<div class=\"elementor-container elementor-column-gap-default\">\n\t\t\t\t\t<div class=\"elementor-column elementor-col-100 elementor-inner-column elementor-element elementor-element-8d5b892\" data-id=\"8d5b892\" data-element_type=\"column\" data-settings=\"{&quot;background_background&quot;:&quot;classic&quot;}\">\n\t\t\t<div class=\"elementor-widget-wrap\">\n\t\t\t\t\t\t\t\t\t<\/div>\n\t\t<\/div>\n\t\t\t\t\t\t\t<\/div>\n\t\t<\/section>\n\t\t\t\t\t<\/div>\n\t\t<\/div>\n\t\t\t\t<div class=\"elementor-column elementor-col-33 elementor-top-column elementor-element elementor-element-98d0f32\" data-id=\"98d0f32\" data-element_type=\"column\">\n\t\t\t<div class=\"elementor-widget-wrap elementor-element-populated\">\n\t\t\t\t\t\t\t\t<div class=\"elementor-element elementor-element-ab7b3f4 elementor-widget elementor-widget-heading\" data-id=\"ab7b3f4\" data-element_type=\"widget\" data-widget_type=\"heading.default\">\n\t\t\t\t<div class=\"elementor-widget-container\">\n\t\t\t<h2 class=\"elementor-heading-title elementor-size-default\">NOUS REJOINDRE<\/h2>\t\t<\/div>\n\t\t\t\t<\/div>\n\t\t\t\t<div class=\"elementor-element elementor-element-27c8a66 eael-wpforms-form-button-full-width eael-wpforms-labels-yes elementor-widget elementor-widget-eael-wpforms\" data-id=\"27c8a66\" data-element_type=\"widget\" data-widget_type=\"eael-wpforms.default\">\n\t\t\t\t<div class=\"elementor-widget-container\">\n\t\t\t            <div class=\"eael-contact-form eael-wpforms eael-contact-form-align-left\">\n                                <div class=\"wpforms-container wpforms-container-full\" id=\"wpforms-1886\"><form id=\"wpforms-form-1886\" class=\"wpforms-validate wpforms-form\" data-formid=\"1886\" method=\"post\" enctype=\"multipart\/form-data\" action=\"\/index.php\/wp-json\/wp\/v2\/pages\/1890\" data-token=\"1cbb6bfa33f0201643aefe571fc9dd5a\"><div class=\"wpforms-head-container\"><\/div><noscript class=\"wpforms-error-noscript\">Veuillez activer JavaScript dans votre navigateur pour remplir ce formulaire.<\/noscript><div class=\"wpforms-field-container\"><div id=\"wpforms-1886-field_0-container\" class=\"wpforms-field wpforms-field-name\" data-field-id=\"0\"><label class=\"wpforms-field-label\" for=\"wpforms-1886-field_0\">Nom <span class=\"wpforms-required-label\">*<\/span><\/label><div class=\"wpforms-field-row wpforms-field-medium\"><div class=\"wpforms-field-row-block wpforms-first wpforms-one-half\"><input type=\"text\" id=\"wpforms-1886-field_0\" class=\"wpforms-field-name-first wpforms-field-required\" name=\"wpforms[fields][0][first]\" required><label for=\"wpforms-1886-field_0\" class=\"wpforms-field-sublabel after \">Pr\u00e9nom<\/label><\/div><div class=\"wpforms-field-row-block wpforms-one-half\"><input type=\"text\" id=\"wpforms-1886-field_0-last\" class=\"wpforms-field-name-last wpforms-field-required\" name=\"wpforms[fields][0][last]\" required><label for=\"wpforms-1886-field_0-last\" class=\"wpforms-field-sublabel after \">Nom<\/label><\/div><\/div><\/div><div id=\"wpforms-1886-field_1-container\" class=\"wpforms-field wpforms-field-email\" data-field-id=\"1\"><label class=\"wpforms-field-label\" for=\"wpforms-1886-field_1\">E-mail <span class=\"wpforms-required-label\">*<\/span><\/label><input type=\"email\" id=\"wpforms-1886-field_1\" class=\"wpforms-field-medium wpforms-field-required\" name=\"wpforms[fields][1]\" required><\/div><div id=\"wpforms-1886-field_2-container\" class=\"wpforms-field wpforms-field-textarea\" data-field-id=\"2\"><label class=\"wpforms-field-label\" for=\"wpforms-1886-field_2\">Commentaire ou message <span class=\"wpforms-required-label\">*<\/span><\/label><textarea id=\"wpforms-1886-field_2\" class=\"wpforms-field-medium wpforms-field-required\" name=\"wpforms[fields][2]\" required><\/textarea><\/div><\/div><div class=\"wpforms-submit-container\" ><input type=\"hidden\" name=\"wpforms[id]\" value=\"1886\"><input type=\"hidden\" name=\"wpforms[author]\" value=\"1\"><button type=\"submit\" name=\"wpforms[submit]\" class=\"wpforms-submit \" id=\"wpforms-submit-1886\" value=\"wpforms-submit\" aria-live=\"assertive\" data-alt-text=\"Envoi...\" data-submit-text=\"Envoyer\">Envoyer<\/button><\/div><\/form><\/div>  <!-- .wpforms-container -->            <\/div>\n\t\t<\/div>\n\t\t\t\t<\/div>\n\t\t\t\t\t<\/div>\n\t\t<\/div>\n\t\t\t\t<div class=\"elementor-column elementor-col-33 elementor-top-column elementor-element elementor-element-b466377\" data-id=\"b466377\" data-element_type=\"column\">\n\t\t\t<div class=\"elementor-widget-wrap elementor-element-populated\">\n\t\t\t\t\t\t\t\t<div class=\"elementor-element elementor-element-bc066d0 elementor-view-stacked elementor-shape-circle elementor-widget elementor-widget-icon\" data-id=\"bc066d0\" data-element_type=\"widget\" data-widget_type=\"icon.default\">\n\t\t\t\t<div class=\"elementor-widget-container\">\n\t\t\t\t\t<div class=\"elementor-icon-wrapper\">\n\t\t\t<div class=\"elementor-icon\">\n\t\t\t<i aria-hidden=\"true\" class=\"far fa-file-alt\"><\/i>\t\t\t<\/div>\n\t\t<\/div>\n\t\t\t\t<\/div>\n\t\t\t\t<\/div>\n\t\t\t\t<div class=\"elementor-element elementor-element-5db5b25 elementor-widget elementor-widget-heading\" data-id=\"5db5b25\" data-element_type=\"widget\" data-widget_type=\"heading.default\">\n\t\t\t\t<div class=\"elementor-widget-container\">\n\t\t\t<h2 class=\"elementor-heading-title elementor-size-default\">Nos Services<\/h2>\t\t<\/div>\n\t\t\t\t<\/div>\n\t\t\t\t<div class=\"elementor-element elementor-element-c79b319 elementor-widget elementor-widget-eael-adv-accordion\" data-id=\"c79b319\" data-element_type=\"widget\" data-widget_type=\"eael-adv-accordion.default\">\n\t\t\t\t<div class=\"elementor-widget-container\">\n\t\t\t        <div class=\"eael-adv-accordion\" id=\"eael-adv-accordion-c79b319\" data-accordion-id=\"c79b319\" data-accordion-type=\"accordion\" data-toogle-speed=\"300\">\n    <div class=\"eael-accordion-list\">\n                <div id=\"elementor-tab-title-2091\" class=\"elementor-tab-title eael-accordion-header\" tabindex=\"2091\" data-tab=\"1\" role=\"tab\" aria-controls=\"elementor-tab-content-2091\"><i aria-hidden=\"true\" class=\"fa-accordion-icon fas fa-plus\"><\/i><span class=\"eael-accordion-tab-title\">SERVICE GARDIENNAGE ET SECURITE<\/span><i aria-hidden=\"true\" class=\"fa-toggle fas fa-angle-right\"><\/i><\/div><div id=\"elementor-tab-content-2091\" class=\"eael-accordion-content clearfix\" data-tab=\"1\" role=\"tabpanel\" aria-labelledby=\"elementor-tab-title-2091\"><p><p>Notre\u00a0<strong>service de gardiennage<\/strong>\u00a0est mis en place pour dissuader les personnes malveillantes et pour lutter contre les risques d\u2019incendie sur tout site donn\u00e9. Nous assurons le gardiennage des entreprises, des chantiers en construction en effectuant des rondes r\u00e9guli\u00e8rement.<br \/>Nos agents de garde sont op\u00e9rationnels 24h\/24 et 7J\/7 pour combler les attentes de nos clients.<\/p><\/p><\/div>\n                <\/div><div class=\"eael-accordion-list\">\n                <div id=\"elementor-tab-title-2092\" class=\"elementor-tab-title eael-accordion-header\" tabindex=\"2092\" data-tab=\"2\" role=\"tab\" aria-controls=\"elementor-tab-content-2092\"><i aria-hidden=\"true\" class=\"fa-accordion-icon fas fa-plus\"><\/i><span class=\"eael-accordion-tab-title\">AGENT DE SURVEILLANCE<\/span><i aria-hidden=\"true\" class=\"fa-toggle fas fa-angle-right\"><\/i><\/div><div id=\"elementor-tab-content-2092\" class=\"eael-accordion-content clearfix\" data-tab=\"2\" role=\"tabpanel\" aria-labelledby=\"elementor-tab-title-2092\"><p><p>Notre agent de surveillance est charg\u00e9 d\u2019accueillir vos visiteurs et votre personnel tout en assurant un contr\u00f4le d\u2019acc\u00e8s pour \u00e9viter toute intrusion par le biais des rondes de nos agents.<br \/><strong>Notre \u00e9quipe est \u00e9galement dispos\u00e9e \u00e0 faire les installations des cam\u00e9ras vid\u00e9o de surveillance et de syst\u00e8me d\u2019alarme dans les centres commerciaux, ou r\u00e9sidence priv\u00e9e.<\/strong><\/p><\/p><\/div>\n                <\/div><div class=\"eael-accordion-list\">\n                <div id=\"elementor-tab-title-2093\" class=\"elementor-tab-title eael-accordion-header\" tabindex=\"2093\" data-tab=\"3\" role=\"tab\" aria-controls=\"elementor-tab-content-2093\"><i aria-hidden=\"true\" class=\"fa-accordion-icon fas fa-plus\"><\/i><span class=\"eael-accordion-tab-title\">AGENT DE PROTECTION<\/span><i aria-hidden=\"true\" class=\"fa-toggle fas fa-angle-right\"><\/i><\/div><div id=\"elementor-tab-content-2093\" class=\"eael-accordion-content clearfix\" data-tab=\"3\" role=\"tabpanel\" aria-labelledby=\"elementor-tab-title-2093\"><p><p>Notre service d\u2019agent de protection est \u00e0 votre disposition pour prot\u00e9ger vos biens et votre propre personne. Notre\u00a0<strong>agent de protection rapproch\u00e9e<\/strong>\u00a0est en mesure d\u2019assurer votre s\u00e9curit\u00e9 lors des manifestions \u00e9v\u00e8nementielles, des f\u00eates, des c\u00e9r\u00e9monies, des sorties professionnelles et autres.<br \/>Ce dernier est form\u00e9 dans les normes pour se montrer toujours discrets et respectueux vis-\u00e0-vis de la vie priv\u00e9e de nos clients. Ce dernier peut se d\u00e9placer sur toute \u00e9tendue du territoire avec des mat\u00e9riels de protection adapt\u00e9s<\/p><\/p><\/div>\n                <\/div><div class=\"eael-accordion-list\">\n                <div id=\"elementor-tab-title-2094\" class=\"elementor-tab-title eael-accordion-header\" tabindex=\"2094\" data-tab=\"4\" role=\"tab\" aria-controls=\"elementor-tab-content-2094\"><i aria-hidden=\"true\" class=\"fa-accordion-icon fas fa-plus\"><\/i><span class=\"eael-accordion-tab-title\">SECURITE EVENEMENTIELLE<\/span><i aria-hidden=\"true\" class=\"fa-toggle fas fa-angle-right\"><\/i><\/div><div id=\"elementor-tab-content-2094\" class=\"eael-accordion-content clearfix\" data-tab=\"4\" role=\"tabpanel\" aria-labelledby=\"elementor-tab-title-2094\"><p><p>Pour votre s\u00e9curit\u00e9 \u00e9v\u00e8nementielle, nous avons recrut\u00e9s des agents sur des crit\u00e8res de choix et form\u00e9s sp\u00e9cialement dans la gestion de la foule et de conflits dans les r\u00e8gles de l\u2019art. Notre\u00a0<strong>service de s\u00e9curit\u00e9 \u00e9v\u00e8nementiel<\/strong>\u00a0est bas\u00e9 sur un bon encadrement et un accueil. Nos agents de s\u00e9curit\u00e9 contr\u00f4lent tous les acc\u00e8s et entr\u00e9es de l\u2019\u00e9v\u00e8nement afin d\u2019avoir une id\u00e9e de la liste des invit\u00e9s que ce soit pour un mariage, un anniversaire, un night-club, un d\u00eener gala, une c\u00e9r\u00e9monie de r\u00e9compense et bien plus encore. Ces derniers font en sorte de prot\u00e9ger les VIP en toute discr\u00e9tion et dans un cadre strictement l\u00e9gal<\/p><\/p><\/div>\n                <\/div><\/div>\t\t<\/div>\n\t\t\t\t<\/div>\n\t\t\t\t\t<\/div>\n\t\t<\/div>\n\t\t\t\t\t\t\t<\/div>\n\t\t<\/section>\n\t\t\t\t\t\t<\/div>\n\t\t\t\t\t<\/div>\n\t\t","protected":false},"excerpt":{"rendered":"<p>NOUS REJOINDRE Veuillez activer JavaScript dans votre navigateur pour remplir ce formulaire.Nom *Pr\u00e9nomNomE-mail *Commentaire ou message *Envoyer Nos Services SERVICE GARDIENNAGE ET SECURITE Notre\u00a0service de gardiennage\u00a0est mis en place pour dissuader les personnes malveillantes et pour lutter contre les risques d\u2019incendie sur tout site donn\u00e9. Nous assurons le gardiennage des entreprises, des chantiers en construction &hellip;<\/p>\n<p class=\"read-more\"> <a class=\"\" href=\"https:\/\/diknetsecurite.com\/index.php\/contact\/\"> <span class=\"screen-reader-text\">Contact<\/span> Lire la suite\u00a0\u00bb<\/a><\/p>\n","protected":false},"author":1,"featured_media":0,"parent":0,"menu_order":0,"comment_status":"closed","ping_status":"closed","template":"","meta":[],"_links":{"self":[{"href":"https:\/\/diknetsecurite.com\/index.php\/wp-json\/wp\/v2\/pages\/1890"}],"collection":[{"href":"https:\/\/diknetsecurite.com\/index.php\/wp-json\/wp\/v2\/pages"}],"about":[{"href":"https:\/\/diknetsecurite.com\/index.php\/wp-json\/wp\/v2\/types\/page"}],"author":[{"embeddable":true,"href":"https:\/\/diknetsecurite.com\/index.php\/wp-json\/wp\/v2\/users\/1"}],"replies":[{"embeddable":true,"href":"https:\/\/diknetsecurite.com\/index.php\/wp-json\/wp\/v2\/comments?post=1890"}],"version-history":[{"count":19,"href":"https:\/\/diknetsecurite.com\/index.php\/wp-json\/wp\/v2\/pages\/1890\/revisions"}],"predecessor-version":[{"id":2080,"href":"https:\/\/diknetsecurite.com\/index.php\/wp-json\/wp\/v2\/pages\/1890\/revisions\/2080"}],"wp:attachment":[{"href":"https:\/\/diknetsecurite.com\/index.php\/wp-json\/wp\/v2\/media?parent=1890"}],"curies":[{"name":"wp","href":"https:\/\/api.w.org\/{rel}","templated":true}]}}